-454 + 430 - (-84 - -1 - -2)?
57
Evaluate 0 - (52 + -64) - 97.
-85
What is the value of -41 + (29 - (3 + -50))?
35
-20 + 23 - (5 + -16 - (14 - -14))
42
What is (7 - -7) + -8 + 22 - (-2 + 1 + 3)?
26
What is the value of -195 + 243 - (-29 + 0 - -5) - -1?
73
Calculate (-4 - (12 - 1 - 12) - -6) + 28.
31
What is the value of 8 - 5 - (-68 + 1 + 0) - (85 - 74)?
59
Calculate -13 + 33 + 16 + -35 - 15.
-14
(-92 - (1 + -25)) + -18 - (27 - 6)
-107
Calculate -1 - 11 - (-34 - -20) - (-3 + 58 + 5).
-58
Evaluate 46 + 10 + (-3 - 39).
14
(-38 - -43) + (5 - (27 - 6)) - -24 - 50
-37
What is the value of -38 + 11 + -4 + -50 + 10 + 12?
-59
29 - (6 + 3) - (129 - 109)
0
What is -14 + 7 + -5 - (12 + 35)?
-59
Calculate -2581 + 2573 - (-23 + -1) - (-96 + -1).
113
What is 8 - -1 - (-5 - -3 - (26 - -12))?
49
What is the value of -30 + (-15 - (-64 + 28)) + -26?
-35
(14 + 49 - 42) + -26 + 122
117
What is 92 - (-9 + (37 - 16) + (-2 - 5)) - -9?
96
What is the value of 5 + (16 - 28) - 18 - 17?
-42
What is (-12 - (11 - (13 + -1))) + -25?
-36
(-54 - -53) + (-2 - (-7 - (-22 - -6)))
-12
Evaluate 657 - 653 - (6 + -49 + 2).
45
((-10 - -21) + -10 - -10) + (-21 - -8)
-2
What is (-118 + 96 - (-3 + -10 + 1)) + -69?
-79
(-3 - 3 - -15) + 27 + -39 - (-1 - 2)
0
Calculate -4 + (17 - 34 - -13 - -19).
11
What is the value of 4 - (16 + -2 - (-63 + 37 - -3))?
-33
What is -47 + 35 + (0 - -13)?
1
Evaluate -7 + -7 + -30 + 35 + (-8 - -2).
-15
What is 15 - (-5 - (-5 + 8 + -5 + (-8 - -6)))?
16
What is -5 + 1 + 2 - (-212 + 218 + (45 - 0))?
-53
Calculate (10 - (51 - 59)) + -54.
-36
Evaluate (-3 - (2 + -11)) + (-54 - (84 + -140)).
8
Evaluate (0 - (-4 + (10 - (6 + 3 - 14)))) + -37.
-48
What is the value of -9 + (-7 - -1) + 11 - (3 + 21)?
-28
(1 + 3 - -24) + 3 + -41 + 34
24
What is 4 - ((-11 - -8) + -75) - (-4 + 11)?
75
(-12 - (-10 + 5)) + (25 - (-3 - -4 - -2))
15
Evaluate -10478 - -10449 - (-136 - 2).
109
6 - (4 + 8 + 0 + (6 - 15)) - 23
-20
Evaluate 3 + -94 + 1 + (58 + -126 - -63).
-95
-27 + (-4 - (-8 - (-5 - -6) - (-6 + 0)))
-28
What is the value of (0 - (17 - -18)) + (-65 - -54)?
-46
Evaluate -7 + -1 + 12 + -1 + 74 + (81 - 140).
18
Evaluate (-7 - -26 - (-25 + 61) - -8) + (1 - 4).
-12
Evaluate 1198 + -1191 + -2 + 6 + (-1 - -4).
14
Evaluate 60 + -55 + -20 - (-2 - 69).
56
What is the value of -4 + 1 + 26 + -1 + -127 + 71 + 61?
27
Evaluate -10 + (-1 - 59) + (-10 - (23 + (-20 - 24))).
-59
Evaluate -32 - -6 - -7 - (-46 - -34).
-7
What is (12 - 0) + (-11 + (3 + 20 - 1) - 51)?
-28
What is the value of (-4 - -70 - -117) + -118?
65
What is ((0 - 2) + -9 + 11 - 8) + 42?
34
What is (-208 - -248) + -34 + 2?
8
What is the value of 57 + (1589 + -1576 - (-1 + 2 - 2))?
71
Calculate 18 - 72 - (-67 - -130).
-117
What is 17 + (-10 - -8 - -3) - (94 + -93)?
17
Calculate (109 - 0) + 197 + 76 + -273.
109
Calculate -68 - (-38 - (-20 + -18) - (2 - 1)).
-67
Evaluate -70 + 14 + 53 - (-1 - -16).
-18
What is 46 + 0 - (-20 - (18 + -19) - -31)?
34
What is -1 + 5 + (24 - (-6 + 16)) + -19 + 56?
55
Evaluate -77 + 122 - (16 + 19).
10
-28 - -14 - (3 - (-9 - -12 - -2))
-12
Evaluate 4 + -8 + 15 - (28 + -18).
1
Evaluate -76 + 8 - (210 - 236).
-42
-47 + (-8 - -11 - 3 - -7) + (-4 - 8)
-52
(31 - 23) + (7 - 5 - 0) - -11
21
Calculate 79 - ((0 - -2) + (-4 - -2) + (504 - 495)).
70
Calculate -38 + 45 + 1 + 7 + -163 + 180.
32
What is (-91 - -44) + -39 + 117?
31
-1 - (45 - (15 - (11 + 17)))
-59
Evaluate -3 + ((-23 - 6) + 27 - ((-2 - -1) + 0)).
-4
Evaluate (-1 - -11) + (9 + (17 - 16) - 22).
-2
What is the value of (-3 - 11) + (-69 - -56) - -41?
14
(-39 - -62) + -93 - (-15 - -2)
-57
Calculate (20 - -1) + -11 + (133 - 109).
34
Calculate 7 + -25 + 445 + -404.
23
-23 + (-6 + 14 - (32 - 26))
-21
2 - 16 - -7 - 0 - (1 + -12)
4
Evaluate 1 + -50 + 2 + 12 + -460 + 435 - -11.
-49
What is the value of 16 + 2 + -29 - (-41 + -2 + 8)?
24
What is (1 - 4) + (18 + -21 + 9 - 21 - -75)?
57
(-5899 - -5865) + (10 - 1)
-25
Evaluate 4 + 94 + -1089 + 905.
-86
44 - (18 + -21 - -16)
31
Evaluate 8 - (182 + -170 - (2 + 14) - (-1 + -1)).
10
-79 - 4 - (-26 - -9 - (25 + -31))
-72
Evaluate (-6 - 1) + (-1 - -1 - -20) + 325 + -232.
106
116 - 80 - (2 + 53)
-19
(-16 + (5 - -15) - -6) + -62 + -10
-62
What is -5 - (30 + -6 + (-12 - 4) + 40)?
-53
What is -29 + 120 + 4 - 39?
56
63 + -64 - (111 + -41)
-71
Evaluate (-7 - -29) + 9 + (-9 - (-13 + 10)).
25
Evaluate (-68 - -137) + 20 - 99.
-10
Evaluate 16 + (-31 + 28 - (-1 - -9)) + -17.
-12
What is -7 + 0 - (1 + -29 + 64)?
-43
10 + 1 + (-10 + (27 - 1) - 8) + -39
-20
Evaluate (-6 - -13) + -6 + 5 + 2 + 18 - -5.
31
Calculate -46 + (-43 - -61) - -68.
40
Calculate -25 - (-71 - (-22 - -37)).
61
What is the value of 40 + -1 + (503 - 522) - -11?
31
What is 72 + -86 + -9 + 71?
48
Evaluate (3 - 4) + (-2 - -6) - 46.
-43
What is the value of 15 - ((-58 - 4) + (-102 - -114))?
65
What is 14 - (63 + (-6 - (31 - 30)))?
-42
What is (9 - (11 + -49)) + (9 - 23)?
33
16 + -1 - (-140 - -115) - 1
39
Calculate 110 - (-1 + (91 - -24)).
-4
(6 + 4 - 2 - -49) + -16
41
What is -4 + 24 - ((124 - (38 + -35)) + 34)?
-135
What is 1 + 0 - 23 - (-37 + -46 + 57 + 38)?
-34
Evaluate 5 + (-26 - -17) + 26 - -26.
48
What is (5 - 19 - 19) + 14 + -6?
-25
(4 - -6) + 0 - (-36 + -7 - -13) - 1
39
Calculate -135 + -124 + 283 + 14.
38
Evaluate -1 - (-76 - 3) - (-1857 - -1843).
92
What is the value of 16 - (2 + -17 + -11 + 41) - -16?
17
What is (1037 - 1050) + (-1 - 2 - 54 - 2)?
-72
Evaluate (-12 - 33) + -10 + (-47 - -19).
-83
Calculate -2 + -3 + 33 + (1 + -2 - (-29 - -38)).
18
Evaluate (-35 - -16) + -13 + 22 + 68.
58
Calculate -4 + -141 - (-14 + (-8 - 12)).
-111
What is the value of -12 + (81 + -76 - (4 - 14)) + -8?
-5
Calculate 16 - (2 + 0 + 88 + -98 - -17).
7
What is -8 + 103 + 3 - (18 + -36 + 27)?
89
Evaluate (386 + -341 - (-3 + -12)) + 2.
62
What is the value of 9 - (-42 + 228 - 65)?
-112
What is the value of 21 - (-29 - -65 - 7)?
-8
Evaluate -8 + -2 + -9 + (6 - -86) - 13.
60
Evaluate -10 - ((-113 - -35 - -35) + -1 + -9).
43
Evaluate -111 - (-321 + -19 - -128).
101
What is -42 - -50 - -40 - 13?
35
Evaluate -14 + (-4 + 7 - -46) - 10.
25
What is the value of 94 + -53 + -141 + 62?
-38
What is -18 - (-19 - (-66 + 19) - 161)?
115
(55 - (57 - 18)) + -58
-42
81 + (58 - 142 - 47)
-50
What is (69 - 272) + 198 + -2 + 5 + 3?
1
What is the value of -19 + (-56 - (-4 + (29 - 54)))?
-46
Calculate 45 + -37 + -9 + -1.
-2
Calculate -1 + 2 - (-26 + (7 - 25)).
45
Evaluate (-44 - (-13 + -6)) + -42 + -23.
-90
What is the value of 45 + -20 + 13 + 1 + 8?
47
What is 123 + -135 + (-3 + 7 - 23)?
-31
Calculate (-8 - -4 - -10) + (-15 - (22 - 41)).
10
What is the value of 55 + (-15 - (54 + -7))?
-7
What is the value of (26 + (8 - -8) - -18 - 11) + 18?
67
What is the value of 2 + (57 - 82 - (-3 - (0 + 5)))?
-15
Evaluate (-40 - 0) + (-216 - -52) + 250.
46
-134 + 1 + (-4 - (-6 + (-17 - 1)))
-113
What is the value of -32 - -244 - 215 - (1 - (49 + 2))?
47
What is the value of 52 + (117 - 71) + -135?
-37
What is the value of (6 - -9) + -30 - (-92 + 4 + 0)?
73
What is the value of -19 + 18 - -53 - (-13 - -26)?
39
Evaluate -10 + (0 - 17) + (881 - 850).
4
What is the value of 1 + -80 + (10 - (-41 - (-30 - 6)))?
-64
Calculate 11 + -1 - ((85 - -4) + -36 + -46).
3
What is the value of -81 + 63 - (5 - -18)?
-41
What is the value of -2388 + 2458 + (0 - (3 + 14))?
53
What is 30 - ((-22 - (-54 + 16)) + -7)?
21
(129 - (15 - -64)) + -104
-54
Calculate 18 - (-2019 + 2002 + 25 + 1).
9
Evaluate (-74 - 19) + 47 + 0 + (2 - 16).
-60
What is the value of (11 - 6 - 5) + (-15 + 17 - -68)?
70
Calculate (-86 - (79 + -156)) + -43.
-52
46 + 3 + -7 + (-438 - -414)
18
Calculate 6 - ((-30 - -32) + (3 - 14 - (0 - 2))).
13
(-1 - -41) + -105 + -50 + 100
-15
Calculate (97 - 75) + -33 - -27.
16
Calculate (-40 - (-36 - (-32 + 40))) + 92.
96
What is the value of 1 + (-32 - -10) + 14 + 50 + -2?
41
Calculate -14 + (69 - 11) - 55.
-11
Evaluate -4 - -7 - (-3 + 0) - (-1 - (2 - 38)).
-29
What is 6 + 0 - (16 - (-6 - -1) - (252 - 268))?
-31
What is the value of 15 + -20 + 16 + -22 + (-6 - -6)?
-11
What is -6 + -4 + 6 + -1 - -1 - (10 - 1)?
-13
What is -75 - ((106 + -104 - (-3 + 1 + 0)) + 6)?
-85
Calculate -1 + 2 + 15 + -86.
-70
Calculate 157 - 235 - (-1 + -9).
-68
42 - (57 - 4) - -19
8
Evaluate -42 - (-12 + 31 - 12).
-49
Evaluate 27 + -58 - ((2 - 0) + (-1 - -5)).
-37